{"id":28,"date":"2024-01-22T17:58:38","date_gmt":"2024-01-22T17:58:38","guid":{"rendered":"https:\/\/2025.schnetzer.at\/?page_id=28"},"modified":"2025-02-19T19:05:38","modified_gmt":"2025-02-19T19:05:38","slug":"astrologie","status":"publish","type":"page","link":"https:\/\/2025.schnetzer.at\/index.php\/astrologie\/","title":{"rendered":"Kraftplatz"},"content":{"rendered":"\n<hr class=\"wp-block-separator alignwide has-text-color has-vivid-cyan-blue-color has-alpha-channel-opacity has-vivid-cyan-blue-background-color has-background is-style-wide\"\/>\n\n\n\n<div class=\"wp-block-columns alignwide are-vertically-aligned-top is-layout-flex wp-container-core-columns-is-layout-30f78326 wp-block-columns-is-layout-flex\">\n<div class=\"wp-block-column is-vertically-aligned-top is-layout-flow wp-block-column-is-layout-flow\" style=\"flex-basis:400px\">\n<figure class=\"wp-block-image size-large is-resized has-custom-border is-style-rounded\"><img loading=\"lazy\" decoding=\"async\" width=\"1024\" height=\"768\" src=\"https:\/\/2025.schnetzer.at\/wp-content\/uploads\/2025\/02\/IMG_20220824_120338-1024x768.jpg\" alt=\"\" class=\"wp-image-423\" style=\"border-radius:10px;object-fit:cover;width:400px;height:auto\" srcset=\"https:\/\/2025.schnetzer.at\/wp-content\/uploads\/2025\/02\/IMG_20220824_120338-1024x768.jpg 1024w, https:\/\/2025.schnetzer.at\/wp-content\/uploads\/2025\/02\/IMG_20220824_120338-300x225.jpg 300w, https:\/\/2025.schnetzer.at\/wp-content\/uploads\/2025\/02\/IMG_20220824_120338-768x576.jpg 768w, https:\/\/2025.schnetzer.at\/wp-content\/uploads\/2025\/02\/IMG_20220824_120338-1536x1152.jpg 1536w, https:\/\/2025.schnetzer.at\/wp-content\/uploads\/2025\/02\/IMG_20220824_120338-2048x1536.jpg 2048w\" sizes=\"auto, (max-width: 1024px) 100vw, 1024px\" \/><figcaption class=\"wp-element-caption\">00100000<\/figcaption><\/figure>\n<\/div>\n\n\n\n<div class=\"wp-block-column is-vertically-aligned-top is-layout-flow wp-block-column-is-layout-flow\">\n<h2 class=\"wp-block-heading has-large-font-size\" style=\"margin-top:0px\">Innere St\u00e4rke durch Mentaltraining<\/h2>\n\n\n\n<ul class=\"wp-block-list\">\n<li>Achtsamkeit bewirkt in erster Linie weniger Stress, mehr <strong>Gelassenheit<\/strong>, mehr <strong>innere St\u00e4rke<\/strong>. Man ger\u00e4t nicht mehr so leicht au\u00dfer Tritt, wird selbst-bewusster und bekommt dadurch <strong>mehr Vertrauen in sich selbst<\/strong>. Das eigene <strong>Potenzial <\/strong>erkennen macht <strong>mental stark<\/strong>.<\/li>\n\n\n\n<li><strong>Einfache \u00dcbungen<\/strong> k\u00f6nnen schon viel bewirken: das k\u00f6nnen Visualisierungen sein oder auch Atem\u00fcbungen. Es gibt unterschiedliche Ans\u00e4tze, f\u00fcr jeden Menschen, jede Herausforderung gibt es individuelle M\u00f6glichkeiten.<\/li>\n\n\n\n<li>Habe ich dein Interesse geweckt? Gerne berate ich dich individuell. Das erste Gespr\u00e4ch ist <strong>kostenlos <\/strong>und unverbindlich und dauert in etwa 15 Minuten. Es findet online statt, z.B. \u00fcber Zoom, Skype oder Fairmeeting. Nat\u00fcrlich k\u00f6nnen wir auch einfach miteinander telefonieren.<\/li>\n\n\n\n<li>Ich freue mich auf ein Kennenlernen! Hier kannst du dich anmelden: <strong><a href=\"mailto:michaela@schnetzer.at\">michaela@schnetzer.at<\/a><\/strong><\/li>\n<\/ul>\n<\/div>\n<\/div>\n\n\n\n<hr class=\"wp-block-separator alignwide has-text-color has-vivid-cyan-blue-color has-alpha-channel-opacity has-vivid-cyan-blue-background-color has-background is-style-wide\"\/>\n\n\n\n<div class=\"wp-block-columns alignwide are-vertically-aligned-top is-layout-flex wp-container-core-columns-is-layout-30f78326 wp-block-columns-is-layout-flex\">\n<div class=\"wp-block-column is-vertically-aligned-top is-layout-flow wp-block-column-is-layout-flow\" style=\"flex-basis:400px\">\n<figure class=\"wp-block-image size-large is-resized has-custom-border is-style-rounded\"><img loading=\"lazy\" decoding=\"async\" width=\"1024\" height=\"768\" src=\"https:\/\/2025.schnetzer.at\/wp-content\/uploads\/2024\/02\/Horizont-mit-Segelbooten-1024x768.jpg\" alt=\"\" class=\"wp-image-123\" style=\"border-radius:10px;object-fit:cover;width:400px;height:auto\" srcset=\"https:\/\/2025.schnetzer.at\/wp-content\/uploads\/2024\/02\/Horizont-mit-Segelbooten-1024x768.jpg 1024w, https:\/\/2025.schnetzer.at\/wp-content\/uploads\/2024\/02\/Horizont-mit-Segelbooten-300x225.jpg 300w, https:\/\/2025.schnetzer.at\/wp-content\/uploads\/2024\/02\/Horizont-mit-Segelbooten-768x576.jpg 768w, https:\/\/2025.schnetzer.at\/wp-content\/uploads\/2024\/02\/Horizont-mit-Segelbooten-1536x1152.jpg 1536w, https:\/\/2025.schnetzer.at\/wp-content\/uploads\/2024\/02\/Horizont-mit-Segelbooten-2048x1536.jpg 2048w\" sizes=\"auto, (max-width: 1024px) 100vw, 1024px\" \/><\/figure>\n<\/div>\n\n\n\n<div class=\"wp-block-column is-vertically-aligned-top is-layout-flow wp-block-column-is-layout-flow\">\n<h2 class=\"wp-block-heading has-large-font-size\" style=\"margin-top:0px\">Sternkunde<\/h2>\n\n\n\n<ul class=\"wp-block-list\">\n<li>Eines der ersten psychologischen Erkl\u00e4rungsmodelle war die Astrologie. In einem &#8222;Horoskop&#8220; findet man die Beschreibung des<strong> individuellen Potenzials<\/strong> &#8211; keine Weissagungen oder \u00e4hnliches! <\/li>\n\n\n\n<li>In einem ersten Gespr\u00e4ch kannst du mich kennenlernen, mir grunds\u00e4tzliche Fragen stellen und Vertrauen aufbauen. Dieses erste Gespr\u00e4ch ist <strong>kostenlos <\/strong>und unverbindlich und dauert in etwa 15 Minuten. Es findet online statt, z.B. \u00fcber Zoom, Skype oder Fairmeeting. Nat\u00fcrlich k\u00f6nnen wir auch einfach miteinander telefonieren.<\/li>\n\n\n\n<li>Ich freue mich auf ein Kennenlernen! Hier kannst du dich anmelden: <strong><a href=\"mailto:michaela@schnetzer.at\">michaela@schnetzer.at<\/a><\/strong><\/li>\n<\/ul>\n<\/div>\n<\/div>\n\n\n\n<hr class=\"wp-block-separator alignwide has-text-color has-vivid-cyan-blue-color has-alpha-channel-opacity has-vivid-cyan-blue-background-color has-background is-style-wide\"\/>\n\n\n\n<div class=\"wp-block-columns alignwide are-vertically-aligned-top is-layout-flex wp-container-core-columns-is-layout-30f78326 wp-block-columns-is-layout-flex\">\n<div class=\"wp-block-column is-vertically-aligned-top is-layout-flow wp-block-column-is-layout-flow\" style=\"flex-basis:400px\">\n<figure class=\"wp-block-image size-large is-resized has-custom-border is-style-rounded\"><img loading=\"lazy\" decoding=\"async\" width=\"1024\" height=\"768\" src=\"https:\/\/2025.schnetzer.at\/wp-content\/uploads\/2024\/02\/Wald-mystisch-1024x768.jpg\" alt=\"\" class=\"wp-image-133\" style=\"border-radius:10px;object-fit:cover;width:400px;height:auto\" srcset=\"https:\/\/2025.schnetzer.at\/wp-content\/uploads\/2024\/02\/Wald-mystisch-1024x768.jpg 1024w, https:\/\/2025.schnetzer.at\/wp-content\/uploads\/2024\/02\/Wald-mystisch-300x225.jpg 300w, https:\/\/2025.schnetzer.at\/wp-content\/uploads\/2024\/02\/Wald-mystisch-768x576.jpg 768w, https:\/\/2025.schnetzer.at\/wp-content\/uploads\/2024\/02\/Wald-mystisch-1536x1152.jpg 1536w, https:\/\/2025.schnetzer.at\/wp-content\/uploads\/2024\/02\/Wald-mystisch-2048x1536.jpg 2048w\" sizes=\"auto, (max-width: 1024px) 100vw, 1024px\" \/><figcaption class=\"wp-element-caption\">00101032<\/figcaption><\/figure>\n<\/div>\n\n\n\n<div class=\"wp-block-column is-vertically-aligned-top is-layout-flow wp-block-column-is-layout-flow\">\n<h2 class=\"wp-block-heading has-large-font-size\" style=\"margin-top:0px\">    Deine Geschichte<\/h2>\n\n\n\n<ul class=\"wp-block-list\">\n<li><strong>Entdecke dein Potenzial<\/strong> und komme dir selbst ein St\u00fcck n\u00e4her. Verstehe, was dir wirklich wichtig ist und warum. Finde die Antwort in Themen wie Liebe, Beruf oder \u00c4ngste\u2026.<\/li>\n\n\n\n<li>Oder widme dich deiner <strong>Entwicklung<\/strong>: Welche <strong>Ziele <\/strong>k\u00f6nnten in deinem Leben wichtig sein?<\/li>\n\n\n\n<li><strong>Gerne schreibe ich dir deine Geschichte auf<\/strong>. Ich verwende dabei KEIN Programm mit fertigen Textstellen, sondern schreibe alles selber und gehe dabei ganz auf dich und deine Pers\u00f6nlichkeit und <strong>deine eigenen Fragen<\/strong> ein. Es entsteht dein eigenes, individuelles B\u00fcchlein, das sonst keiner hat, genauso wie deine Geschichte eine ganz besondere ist!<\/li>\n\n\n\n<li>Kontaktiere mich unter: <strong><a href=\"mailto:michaela@schnetzer.at\">michaela@schnetzer.at<\/a><\/strong><\/li>\n<\/ul>\n<\/div>\n<\/div>\n\n\n\n<hr class=\"wp-block-separator alignwide has-text-color has-vivid-cyan-blue-color has-alpha-channel-opacity has-vivid-cyan-blue-background-color has-background is-style-wide\"\/>\n","protected":false},"excerpt":{"rendered":"<p>Innere St\u00e4rke durch Mentaltraining Sternkunde Deine Geschichte<\/p>\n","protected":false},"author":2,"featured_media":0,"parent":0,"menu_order":3,"comment_status":"closed","ping_status":"closed","template":"","meta":{"footnotes":""},"class_list":["post-28","page","type-page","status-publish","hentry"],"_links":{"self":[{"href":"https:\/\/2025.schnetzer.at\/index.php\/wp-json\/wp\/v2\/pages\/28","targetHints":{"allow":["GET"]}}],"collection":[{"href":"https:\/\/2025.schnetzer.at\/index.php\/wp-json\/wp\/v2\/pages"}],"about":[{"href":"https:\/\/2025.schnetzer.at\/index.php\/wp-json\/wp\/v2\/types\/page"}],"author":[{"embeddable":true,"href":"https:\/\/2025.schnetzer.at\/index.php\/wp-json\/wp\/v2\/users\/2"}],"replies":[{"embeddable":true,"href":"https:\/\/2025.schnetzer.at\/index.php\/wp-json\/wp\/v2\/comments?post=28"}],"version-history":[{"count":20,"href":"https:\/\/2025.schnetzer.at\/index.php\/wp-json\/wp\/v2\/pages\/28\/revisions"}],"predecessor-version":[{"id":429,"href":"https:\/\/2025.schnetzer.at\/index.php\/wp-json\/wp\/v2\/pages\/28\/revisions\/429"}],"wp:attachment":[{"href":"https:\/\/2025.schnetzer.at\/index.php\/wp-json\/wp\/v2\/media?parent=28"}],"curies":[{"name":"wp","href":"https:\/\/api.w.org\/{rel}","templated":true}]}}